sands digit of 356192?
3
What is the ten thousands digit of 413225?
1
What is the hundred thousands digit of 8003724?
0
What is the millions digit of 20812630?
0
What is the units digit of 9983731?
1
What is the thousands digit of 1128898?
8
What is the hundred thousands digit of 287265?
2
What is the hundreds digit of 27588371?
3
What is the hundred thousands digit of 2947673?
9
What is the millions digit of 4787967?
4
What is the tens digit of 97819?
1
What is the thousands digit of 6881131?
1
What is the ten thousands digit of 265758?
6
What is the ten thousands digit of 569370?
6
What is the hundreds digit of 450869?
8
What is the units digit of 21800?
0
What is the units digit of 9532402?
2
What is the hundred thousands digit of 11198245?
1
What is the hundred thousands digit of 25841761?
8
What is the thousands digit of 323045?
3
What is the hundreds digit of 471134?
1
What is the tens digit of 3270076?
7
What is the hundreds digit of 4911337?
3
What is the units digit of 963438?
8
What is the units digit of 3302060?
0
What is the thousands digit of 3327717?
7
What is the hundred thousands digit of 231268?
2
What is the ten thousands digit of 2011839?
1
What is the ten thousands digit of 5749045?
4
What is the thousands digit of 4407240?
7
What is the tens digit of 2291881?
8
What is the units digit of 972612?
2
What is the units digit of 727238?
8
What is the ten thousands digit of 302799?
0
What is the ten thousands digit of 61216?
6
What is the ten thousands digit of 1977674?
7
What is the tens digit of 1225943?
4
What is the hundreds digit of 195853?
8
What is the ten thousands digit of 409008?
0
What is the hundred thousands digit of 2267525?
2
What is the hundred thousands digit of 9232471?
2
What is the units digit of 223990?
0
What is the thousands digit of 1577741?
7
What is the units digit of 5005084?
4
What is the thousands digit of 27226150?
6
What is the hundred thousands digit of 673726?
6
What is the hundred thousands digit of 20860344?
8
What is the thousands digit of 1592863?
2
What is the hundred thousands digit of 2474887?
4
What is the tens digit of 11154450?
5
What is the hundred thousands digit of 2710738?
7
What is the ten thousands digit of 4336823?
3
What is the thousands digit of 677276?
7
What is the thousands digit of 3630938?
0
What is the ten thousands digit of 87289?
8
What is the units digit of 12566751?
1
What is the ten millions digit of 11255335?
1
What is the tens digit of 9183273?
7
What is the millions digit of 2792793?
2
What is the ten thousands digit of 21242783?
4
What is the units digit of 1419262?
2
What is the units digit of 1616815?
5
What is the units digit of 2060846?
6
What is the thousands digit of 1542137?
2
What is the ten thousands digit of 2314057?
1
What is the thousands digit of 2165105?
5
What is the ten thousands digit of 501829?
0
What is the hundreds digit of 658016?
0
What is the hundred thousands digit of 8360627?
3
What is the tens digit of 70308?
0
What is the hundred thousands digit of 6432910?
4
What is the ten millions digit of 13657510?
1
What is the hundred thousands digit of 221523?
2
What is the hundred thousands digit of 6983841?
9
What is the units digit of 157298?
8
What is the ten thousands digit of 28572?
2
What is the hundred thousands digit of 134105?
1
What is the units digit of 1227?
7
What is the units digit of 226810?
0
What is the hundred thousands digit of 9923882?
9
What is the hundred thousands digit of 12855034?
8
What is the ten thousands digit of 61562?
6
What is the thousands digit of 222747?
2
What is the ten thousands digit of 1788113?
8
What is the tens digit of 123390?
9
What is the hundred thousands digit of 126420?
1
What is the thousands digit of 420540?
0
What is the hundred thousands digit of 205297?
2
What is the thousands digit of 431960?
1
What is the tens digit of 866778?
7
What is the hundred thousands digit of 3713575?
7
What is the thousands digit of 2599250?
9
What is the ten thousands digit of 294411?
9
What is the hundreds digit of 9571283?
2
What is the hundreds digit of 14225?
2
What is the tens digit of 17063079?
7
What is the hundred thousands digit of 1555987?
5
What is the thousands digit of 857724?
7
What is the thousands digit of 182506?
2
What is the units digit of 28657960?
0
What is the hundreds digit of 693625?
6
What is the tens digit of 2221796?
9
What is the ten millions digit of 12971574?
1
What is the millions digit of 8490300?
8
What is the ten thousands digit of 3083392?
8
What is the hundred thousands digit of 18629858?
6
What is the thousands digit of 686338?
6
What is the hundreds digit of 150627?
6
What is the units digit of 7041465?
5
What is the tens digit of 1361592?
9
What is the ten thousands digit of 104703?
0
What is the hundreds digit of 1881100?
1
What is the tens digit of 14959?
5
What is the units digit of 1060994?
4
What is the millions digit of 2074013?
2
What is the tens digit of 39982009?
0
What is the thousands digit of 395507?
5
What is the ten thousands digit of 33874160?
7
What is the tens digit of 361806?
0
What is the hundred thousands digit of 3487149?
4
What is the units digit of 25084?
4
What is the ten thousands digit of 38085641?
8
What is the hundreds digit of 430096?
0
What is the ten thousands digit of 407171?
0
What is the hundreds digit of 494114?
1
What is the hundred thousands digit of 2109750?
1
What is the tens digit of 300524?
2
What is the hundreds digit of 5368605?
6
What is the tens digit of 174357?
5
What is the thousands digit of 2018037?
8
What is the tens digit of 15863457?
5
What is the units digit of 159471?
1
What is the units digit of 173646?
6
What is the thousands digit of 13545895?
5
What is the hundreds digit of 997037?
0
What is the ten thousands digit of 5373496?
7
What is the ten thousands digit of 2941979?
4
What is the tens digit of 2745706?
0
What is the ten thousands digit of 1714740?
1
What is the hundreds digit of 310226?
2
What is the hundred thousands digit of 301639?
3
What is the hundred thousands digit of 158870?
1
What is the ten thousands digit of 1174211?
7
What is the tens digit of 9683?
8
What is the thousands digit of 533963?
3
What is the units digit of 5249474?
4
What is the hundreds digit of 22149044?
0
What is the hundreds digit of 3362362?
3
What is the units digit of 867018?
8
What is the thousands digit of 31347548?
7
What is the millions digit of 1357090?
1
What is the thousands digit of 720979?
0
What is the units digit of 306778?
8
What is the ten thousands digit of 2184047?
8
What is the thousands digit of 1775?
1
What is the ten thousands digit of 114992?
1
What is the units digit of 1207419?
9
What is the millions digit of 2157211?
2
What is the units digit of 91651?
1
What is the hundred thousands digit of 888280?
8
What is the units digit of 307018?
8
What is the hundreds digit of 1396750?
7
What is the hundreds digit of 3831891?
8
What is the thousands digit of 64188?
4
What is the tens digit of 5623?
2
What is the hundred thousands digit of 2844450?
8
What is the tens digit of 176422?
2
What is the hundreds digit of 3536613?
6
What is the units digit of 268967?
7
What is the thousands digit of 1364159?
4
What is the millions digit of 1763650?
1
What is the units digit of 1874804?
4
What is the units digit of 20854173?
3
What is the tens digit of 1887511?
1
What is the hundreds digit of 12648515?
5
What is the tens digit of 109901?
0
What is the thousands digit of 249739?
9
What is the units digit of 103421?
1
What is the tens digit of 4301575?
7
What is the thousands digit of 45173?
5
What is the tens digit of 2262421?
2
What is the ten thousands digit of 89153?
8
What is the hundred thousands digit of 2265683?
2
What is the hundred thousands digit of 481359?
4
What is the units digit of 6601109?
9
What is the tens digit of 294883?
8
What is the hundred thousands digit of 1578069?
5
What is the hundred thousands digit of 352931?
3
What is the tens digit of 1759596?
9
What is the tens digit of 24554684?
8
What is the ten thousands digit of 110000?
1
What is the units digit of 97431?
1
What is the tens digit of 309031?
3
What is the millions digit of 2611223?
2
What is the tens digit of 2422811?
1
What is the tens digi